. Let t(j) be the third derivative of a(j). Is t(-7) prime?
False
Let r = 4 - 1. Let h = r - 3. Suppose 2*j - 5*j + 33 = h. Is j a composite number?
False
Let d = 767 - 324. Is d composite?
False
Suppose 7 = g + 3. Suppose 7*q = 10*q - 9. Suppose g*x - 5*x + q = 0. Is x composite?
False
Let g = 26 + -21. Suppose -k + 26 = -2*d, 4*k - 15 - 101 = g*d. Is k a composite number?
True
Is ((-26)/(-6))/(11/99) prime?
False
Suppose -5*q - y = 83, 5*q + 2*y + 75 = -3*y. Is (q/(-3))/(1/9) a prime number?
False
Let k(z) = -3*z**2 + 14*z + 3. Let t(y) = -2*y**2 + 9*y + 2. Let o(h) = 5*k(h) - 8*t(h). Suppose 3*w = -2*d - 9, 0*w = -2*d + 4*w - 16. Is o(d) composite?
False
Let j be (-1 - (-3 + 3))*-19. Suppose k - j = -0*k. Is k a prime number?
True
Let l(t) = -180*t + 5. Is l(-12) prime?
False
Is (12/(-3) + 5689)*(-4)/(-12) a composite number?
True
Let r = -403 - -782. Is r a composite number?
False
Suppose 4*a = a - 27. Let q = a - -16. Let b(j) = j**3 - 7*j**2 + 8*j - 1. Is b(q) a composite number?
True
Let j(z) = -22*z + 3. Let i(h) = h - 3. Let g be i(6). Let d be j(g). Let q = d - -140. Is q composite?
True
Suppose 3*o = -5*z + 1929, 0 = -2*z + 2*o + 2*o + 782. Suppose m + 0*a + 2*a - 181 = 0, -2*m + a + z = 0. Is m a prime number?
True
Suppose 3*l = 3*p - 6*p + 66, -5*l = 0. Is p a prime number?
False
Let s = 1 + -3. Let n be 238/s*12/14. Let r = n - -155. Is r composite?
False
Let u = -5 + 1. Let j be 2*(-2 - 70/u). Let w = 62 + j. Is w composite?
True
Let o = 22 - -9. Let z = o - 10. Is z a prime number?
False
Suppose -3 = 3*v, 4*q - 2*v = 3*v - 35. Let d be 1/((-5)/2)*q. Suppose 5*o - 298 = 3*r, -5*o + d*r + 63 = -4*o. Is o composite?
False
Let w(c) = 10*c - 8*c**2 - 3*c - c**2 + 5 + 2*c**3. Let y be (-68)/51*(-18)/4. Is w(y) composite?
True
Let q(m) be the first derivative of -4*m**2 + 2*m - 3*m - 1 + 12*m**2. Is q(3) a prime number?
True
Let i = -18 - -38. Suppose -k = 4*k - 20. Suppose -58 = -2*x - k*z, -5*z - i = -0. Is x prime?
True
Suppose 5*v - 18 = 2*c, -5*c = 2*v + 11 + 5. Suppose 2*o - 2*t = -3*o + 7, -3*t + 6 = -v*o. Suppose 57 + 96 = o*f. Is f a composite number?
True
Let r be (-14)/(-5) - (-3)/15. Suppose r*s = 878 + 343. Is s prime?
False
Suppose n = 2*p - 18, -5*p - 4*n = -2*n - 45. Is p prime?
False
Let m = 4 + -4. Suppose 17*c - 14*c - 555 = m. Is c prime?
False
Let a be (-8)/20 + (-172)/(-5). Let o = a + 3. Is o prime?
True
Suppose 1468 = 7*l - 3*l. Let t = l + -236. Is t composite?
False
Let g = 130 - 63. Is g a prime number?
True
Let i(v) = v**3 + 9*v**2 + 16*v + 13. Is i(-6) a composite number?
True
Let f be ((-5)/(-3))/(2/60). Suppose -5*r = -3*r - f. Is r composite?
True
Is ((-21)/(-2))/(4/8) prime?
False
Let o(w) = 20*w - 27. Is o(16) a composite number?
False
Suppose 4*l - 2*l = -6. Let u be (12/(l - 0))/2. Is 8 + (u - (-5 - 0)) a prime number?
True
Is (232/16)/((-2)/(-44)) composite?
True
Suppose 0*q + 8 = 2*q. Suppose 0 = -q*t - 5*n + 38, -2*t - 3*n + 20 = -0*t. Is t composite?
False
Suppose 0 = -0*m - 2*m + 66. Is m a prime number?
False
Let a = 288 + -651. Let r = 679 + a. Let d = -205 + r. Is d composite?
True
Suppose 2*u + 2*r = -2*r - 108, 3*r - 218 = 5*u. Let a = 237 + u. Is a prime?
True
Is (1002/4)/((-1)/(-2)) a prime number?
False
Let z(b) = -b + 1. Let t be z(-3). Let s be (t/(-1))/(2/2). Is 1 + 0 + s + 22 composite?
False
Let f(x) = 6*x**2 - 2*x + 1. Let l be f(1). Let m be ((-2)/(-4))/(l/(-10)). Is (34 - m) + 2/1 a prime number?
True
Suppose 2*w - 52 = -5*c, 0 = -0*w + 2*w - 3*c - 36. Is w a prime number?
False
Let q = 10244 + -5709. Is q a composite number?
True
Suppose -11*k + 3451 = -4*k. Is k composite?
True
Let f(i) = 22*i + 13. Let s = -8 - -14. Is f(s) a composite number?
True
Suppose -4*p + 8647 = -3*s + 6*s, -p + 2166 = 5*s. Is p a prime number?
True
Let f(i) = 7 + 13*i + 2 + 7*i. Is f(4) composite?
False
Let k(u) = u**2 - 4*u + 1. Let j be k(5). Let b = 7 - 5. Suppose -b*f = -j*f + 140. Is f prime?
False
Let t(a) = 144*a**3 - 3*a**2 - 2*a + 2. Let d(m) = 432*m**3 - 10*m**2 - 7*m + 7. Let w(s) = 2*d(s) - 7*t(s). Is w(-1) composite?
True
Let r = -77 - -198. Is r prime?
False
Is 8/(-36) + 232078/18 prime?
True
Suppose 3*x + 0*h - 339 = -3*h, 12 = 3*h. Is x a composite number?
False
Let a be (-4)/20 - 32/(-10). Suppose -a*u = -153 - 240. Is u prime?
True
Let c(d) = 8*d**2 + d + 3. Let j be c(6). Suppose -i + 3*s = 2*i - 441, -2*i + 5*s + j = 0. Is i a composite number?
True
Suppose -12 + 2 = 2*c. Let u be (-2 - c) + 0 + -15. Is (-932)/u + (-4)/6 composite?
True
Let o(i) = -22*i**3 - 2*i - 2. Let q be o(-2). Is (q/8)/(3/12) prime?
True
Let s(a) = -a**3 - 11*a**2 - 9*a - 7. Let i be s(-8). Let m = 386 + i. Is m prime?
False
Let d = 4 + -8. Is (-3)/3*332/d prime?
True
Let c(t) = 10*t**2 + 29*t - 11. Is c(-20) composite?
True
Suppose -4*l + 427 = 39. Suppose -4*w + o + 197 = -4*o, 2*w - 3*o - l = 0. Is w a composite number?
False
Let c(p) = 2*p**2 - 4*p + 7. Let b be c(-5). Let k(w) = w - 1. Let i be k(4). Suppose 4*d + 104 = 5*g - b, i*g - 108 = 3*d. Is g prime?
True
Is -9*(-3 + 308/(-3)) composite?
True
Suppose 0 = -3*t - 71 + 1214. Is t prime?
False
Suppose -197 = -2*g - 33. Let x = 0 - -23. Suppose w - g = -x. Is w composite?
False
Suppose 0 = 2*s - 6, -2*d + s - 2 = -d. Is (3 + d)*238/8 a composite number?
True
Suppose -5*l = 4*a - 1435, 1790 = 5*a - 0*a + 5*l. Is a prime?
False
Suppose 5*j = -10, 11 + 9 = -3*h - 4*j. Let l = h - -6. Suppose l*w = w + 34. Is w a composite number?
True
Let n(y) = -y - 1. Let m(o) = -o**2 + 9*o + 10. Let c(j) = m(j) + 4*n(j). Let p be c(6). Let q(x) = -x + 46. Is q(p) composite?
True
Suppose -h = -39 + 2. Is h prime?
True
Let q(g) = 2*g**2 + 9*g + 2. Is q(7) a prime number?
True
Let j = -57 + -53. Let l = 189 + j. Is l a composite number?
False
Suppose -3*z - m + 686 = -8*z, -z = -5*m + 118. Let x = z - -284. Let a = -15 + x. Is a a composite number?
False
Let j be 44/(-3) - (-2)/(-6). Let s be (76/6)/((-1)/3). Let p = j - s. Is p a composite number?
False
Suppose 49*x - 7827 = 46*x. Is x prime?
True
Suppose 3*d + 777 = 6*d. Is d prime?
False
Let s(z) = 26*z**2 - 2*z + 1. Let g(j) = 2*j**3 - 2 + j - j**3 - 2*j**3. Let q be g(0). Is s(q) a prime number?
True
Suppose 6*y - 237 = 3*y. Suppose 4*n + y = 3*p, -n - n - 8 = 0. Is p composite?
True
Let z = 66 - 38. Is (z - 6)*22/4 a composite number?
True
Suppose -s = 3*f - 1, 1 = -3*f - 2*s - 3. Suppose -82 + 14 = -f*h. Is h composite?
True
Suppose -2*n + 841 = 4*o + n, o = 4*n + 215. Is o prime?
True
Suppose 22*s - 18*s - 2788 = 0. Is s prime?
False
Let m(l) = -l**3 - l**2 + l. Let t(c) = 6*c**3 - 3*c**2 + c + 1. Let w(y) = -5*m(y) - t(y). Let i = -14 + 21. Is w(i) a prime number?
False
Let l(d) be the first derivative of d**4/4 - 2*d**3/3 - d**2/2 + 4*d + 1. Let h be l(5). Suppose 4*t - 11 = -k + h, t - 22 = -k. Is t a prime number?
False
Let q(b) be the first derivative of -13*b**4/2 + b**2/2 + b + 1. Let g be q(-1). Is g/4*(0 + 2) prime?
True
Let u = 79 + 50. Is u prime?
False
Let i = -453 - -835. Suppose 3*x - 5*x + i = 0. Is x prime?
True
Let l(z) = -22*z - 21. Let r(q) = q**2 + 12*q + 18. Let o be r(-8). Is l(o) a composite number?
True
Suppose -2*n + n = 3*q - 613, -2*n + 3*q + 1226 = 0. Is n a prime number?
True
Let h = -146 - -205. Suppose 2*i - 29 = h. Let a = 9 + i. Is a prime?
True
Let s = -9 + 1. Let h be 570/4 - 12/s. Suppose -h = -4*i + 3*f + f, -f + 112 = 3*i. Is i prime?
True
Let s(w) = 242*w + 3. Let b be s(2). Suppose -b = -0*x - x. Is x composite?
False
Let x = -424 + 245. Is x/(-5)*(-5)/(-1) a composite number?
False
Let h = -12 - -7. Let r = 1 - h. Is r a prime number?
False
Let r(g) = -g**3 - g**2 + 2*g - 1. Let i(u) = u**3 + 10*u**2 - 11*u - 3. Let m be i(-11). Is r(m) composite?
False
Let x(d) = -d**3 + 2*d**2 + 2*d - 2. Let m be x(2). Suppose -5*z + 0*z = -25, -4*t + 935 = -z. Suppose -m*j = -7*j + t. Is j prime?
True
Let x(a) = -a**3 + 3*a**2 + 6*a - 6. Let h = -10 + 14. Let l be x(h). Suppose 3*v - l*v = 7. Is v prime?
True
Let t(b) = 26*b + 5. Is t(10) prime?
False
Let q(v) = 4*v + 7*v**2 - 3 - v**3 - 2*v + 2*v**3 - 3*v**3. Let y be q(5). Let h = y - -111. Is h prime?
True
Let h(g) = -6*g**2 - g - 4*g - 3*g**3 - 3 + 2*g**3 + 4. Is h(-6) a composite number?
False
Let j(b) = 5*b**3 + b**2 + 109. L